 22. Is -1 - (-4614)/15 - 4/u a prime number?
True
Let p(m) = 42*m**2 + 3*m + 2. Let v be 11/(-33) - (-20)/6. Let b be p(v). Suppose 26 = 4*g + i - b, 312 = 3*g + i. Is g a prime number?
True
Is 2/(-16) + 23450/80 a prime number?
True
Let a(g) = 33*g - 148. Is a(25) a composite number?
False
Let r(j) = j**3 + 3*j**2 + 2*j + 104. Is r(29) composite?
True
Let s(z) = 2*z + 44. Let w be s(-21). Suppose j = 2*o - 10078, 5*j - 20156 = -2*o - w*o. Is o a prime number?
True
Is (-6)/(24/1268)*-7 composite?
True
Suppose 2*n - 86993 = -y - 4*y, 5*n + 52202 = 3*y. Is y prime?
False
Is 2/((126/66227)/9) prime?
True
Let d(v) = 285*v**2 + 2*v - 9. Let o(p) = -856*p**2 - 7*p + 27. Let h(f) = 11*d(f) + 4*o(f). Let a be h(-6). Is (-2)/3 - a/27 composite?
False
Let a be 76 - (-6)/18*3. Suppose a*n = 74*n + 2757. Is n prime?
True
Let u(l) = 2*l - 18. Let y be u(6). Let f = 49 + y. Is f prime?
True
Let i = 19279 - 11610. Is i composite?
False
Let k(s) = -s**3 + 6*s**2 - 4*s - 4. Let m be k(4). Let v = -8 + m. Suppose 3*r - 211 = v*z, -7*r + 2*r - z + 390 = 0. Is r a prime number?
False
Let y(k) = -k**3 - 8*k**2 + 10*k - 7. Let a be y(-8). Let s = -54 - a. Is s prime?
False
Suppose 3*w = 3*z - 6, 3*z - 2 = 6*w - w. Suppose 5*u = -m + 639, -w*u - 365 = -5*u + 4*m. Is u a composite number?
False
Let l be 31 - (-4 + -5)/(-3). Suppose -l = -2*y + 198. Is y a composite number?
False
Let l = -18279 - -25918. Is l prime?
True
Let k = -13194 - -18713. Is k prime?
True
Let n(a) = 6*a**2 + 27*a + 23. Is n(-22) a prime number?
True
Let r = -15 + 15. Let v be -894 - 0/(r + 2). Let j = 1333 + v. Is j composite?
False
Let b = 19 - 8. Let u = 78 - b. Is u a prime number?
True
Let x(l) = -2*l**3 - l**2 - 10*l - 7. Let y be x(-6). Suppose 6*g - y = 5*g. Is g prime?
True
Is 613814/12 + (-11 + 9)/12 a prime number?
True
Suppose 0 = 3*s - 28511 - 22. Is s prime?
True
Suppose 42934 = 2*r + 3*x, -19*x + 24*x = -3*r + 64401. Is r prime?
True
Let f(m) = 1045*m - 2. Suppose 5 = v + 4. Is f(v) composite?
True
Let p be ((-10)/(-3))/(2/(-216)). Let s = p + 779. Is s a prime number?
True
Let r be (4 - 2)*(-8)/(-4). Suppose -2*o - 2*o - 4*y = -2184, -2*o = -r*y - 1062. Is o composite?
False
Let j(r) = -r**3 - 6*r**2 + 7*r + 3. Let b be j(-8). Let q = -60 + b. Is q prime?
False
Let u = 53091 - 19570. Is u prime?
True
Suppose 0 = 5*k - 25, 2*t + 2*k - 5815 = 12553. Is t composite?
True
Suppose 2311 + 489 = 8*r. Suppose -5*f = 5*i - r, -i - 7*f + 10*f + 58 = 0. Is i a composite number?
False
Suppose -n - h + 6250 = 0, 2*h + 5728 = 3*n - 13007. Is n composite?
False
Let z be (6 + 65/(-10))/(1/2). Is 3410 + z + 2 - -2 a composite number?
False
Suppose 5 = -4*c - 19. Let s(y) = -209*y + 35. Let n(q) = 105*q - 15. Let b(p) = -5*n(p) - 2*s(p). Is b(c) composite?
False
Let m(a) be the first derivative of -654*a**2 - 17*a - 37. Is m(-5) composite?
True
Suppose -9 = 3*f - 15. Suppose 3598 = f*l + 724. Is l a composite number?
True
Let t = -62 - -76. Suppose -16*a + t*a = -506. Is a a composite number?
True
Let c be 18/(-4)*(140 - 2). Let l be ((-4)/(-10))/(2/10). Is (c/(-2) + 1)*l a composite number?
True
Suppose -143*f + 139*f - 1476 = 0. Let v = f + 1112. Is v a prime number?
True
Suppose 4*r - 5*y - 24 = 0, 2*y + 2*y + 19 = 3*r. Is (-2557)/((-6 + 5)/(r - 0)) composite?
False
Suppose -4*q - 5*l - 9 - 11 = 0, -2*l = -2*q + 8. Let d be 4/16*0 - -124. Suppose -n + 128 = -g, q = -n - 4*g + g + d. Is n prime?
True
Suppose 875 = -4*h + 5*v, -h - 285 + 62 = 3*v. Let k(n) = -7*n + 8. Let z be k(-9). Let d = z - h. Is d a composite number?
True
Suppose -4*h = -3*w, 3*w - 2 = -2*h + 16. Suppose -h*y - 2*y + 3030 = 0. Suppose -3*c + 2*c + 608 = 3*z, 0 = 3*z + 3*c - y. Is z a composite number?
True
Let k be 2*2/(-4)*-2. Let p(n) = -1 + 7 - 6*n + 5*n**k + 2. Is p(7) composite?
False
Let d = -368 - -373. Let c = 772 + -458. Suppose -d*q + 247 = 3*x, 4*x - 3*q = -2*q + c. Is x prime?
True
Let q be (4 - 1)*(0 + -3). Let p be (-18)/81 + (-47)/q. Suppose -p*i = -3*i - 106. Is i prime?
True
Let m = 2016 - 545. Is m a composite number?
False
Let o(p) = p**2 + 6*p - 201. Is o(64) prime?
False
Let x = 2959 + -756. Is x a composite number?
False
Let l(v) = 11*v**2 - 9 + 7*v - 7*v + 7*v + v**3 + 5*v**2. Is l(-13) prime?
False
Let k(i) = 6*i**2 - 33*i + 61. Is k(20) prime?
True
Let s = 25128 - 847. Is s a composite number?
False
Suppose 4*o + 2758 = -2*g, 3*g = 5*o + 2607 + 824. Let i = -462 - o. Is i a composite number?
True
Let w be 6 - (-70)/(-15) - 4/(-6). Suppose -1638 = -9*x + 4*x - r, w*x + 3*r - 663 = 0. Is x a prime number?
False
Let g(s) = -19*s**3 + 2*s**2 + 4*s - 11. Let z(j) be the first derivative of 9*j**4/4 - j**3/3 - j**2 + 5*j + 6. Let d(b) = -4*g(b) - 9*z(b). Is d(-2) prime?
False
Let p(t) be the third derivative of -49*t**4/8 - t**3/6 + 12*t**2. Is p(-2) prime?
True
Let l(f) = f**3 - 7*f**2 + 8*f - 7. Let c be l(6). Let k(y) = -50*y**2 - 3*y - 4. Let t be k(c). Is t/(-18)*44/6 a composite number?
True
Let f(r) = -r - 7. Let v = 9 - 19. Let o be f(v). Suppose -75 = o*y - 648. Is y a composite number?
False
Let p be 1 - (-4 + 1 + 12 + -431). Suppose -25 = 5*n, 4*i + n = 6*n + 33. Is (-1)/i + p/2 a composite number?
False
Suppose -9*y - 13665 = -12*y. Suppose -5*k - d = -5*d - y, -k - 4*d = -911. Is k a composite number?
False
Suppose -8 = -4*o - 0*o. Is (-12)/(-5) - o - 12615/(-25) composite?
True
Let w(g) = 14*g**2 + 12*g + 2. Let h be w(6). Suppose h = 5*i - 3*q, 4*i + 0*q = -2*q + 480. Is i a composite number?
True
Suppose 0 = n + 5*f + 2, -5*f = -3*n - 9 + 3. Let y be 0 + n + 17575/19. Let c = -124 + y. Is c a composite number?
True
Suppose t - 17963 = -2*x, 4*t - 2*x - 51956 - 19866 = 0. Is t composite?
False
Let y be 2/(246/(-63) + 4). Suppose -f - 9 = -d, -f - 5*d = -0*f - y. Let h = f + 6. Is h a composite number?
False
Suppose 4*t + 4*w = 100, -3*t - w + 81 = 4*w. Suppose 2*l = -3 + 9. Suppose -t = g - l*g. Is g composite?
False
Let d(q) = q**2 - 7*q - 8. Let v be d(8). Suppose 3*b + 2*o - 403 = v, o = 4*b + 4*o - 539. Is b prime?
True
Suppose -2*f = 4*k - 4470, 4*k = -3*f + 3501 + 3206. Is f a prime number?
True
Suppose -5*a + 30 = -8*a. Let g(q) = -41*q + 10. Let x be g(a). Is 1/(x/(-212) + 2) a prime number?
True
Let n(f) = -2*f**3 - 4*f**2 - 5*f - 5. Let u be n(-2). Let s be (-4 + u - 4) + 1727. Suppose 186 = 5*c - s. Is c a composite number?
True
Let y be (0 - (-4)/(-8))/((-3)/24). Suppose l - 9 = -7, 2*w - y*l - 588 = 0. Is w prime?
False
Let j = -7669 + 12278. Is j composite?
True
Suppose 0 = 3*s - 61995 - 13908. Is s prime?
True
Suppose 2196 = -11*g + 20*g. Let b = g - 87. Is b prime?
True
Suppose 0 = 8*r - 13*r + 5*v + 16235, v = 0. Is r prime?
False
Is -3*(8 - (432 - -7)) prime?
False
Is 181594/12 + (-8)/(-48) prime?
False
Let f(h) = 2386*h + 33. Is f(8) a prime number?
True
Suppose 2*b - 4*b = 0. Let n be (b + 1)/((-3)/(-9)). Suppose -n*v + 643 = 2*i, 6*i + 3 = 3*i. Is v a composite number?
True
Let a = -6 - -6. Suppose 3*f - 3 = a, -f = z + 3*f - 56. Suppose -o + z + 97 = 0. Is o a composite number?
False
Suppose 0 = -8*a + 20683 + 15309. Is a prime?
False
Let d = 285 - 188. Suppose -d = 3*c - n + 6*n, -2*n + 104 = -3*c. Let v = 413 + c. Is v prime?
True
Let p(u) be the third derivative of 7*u**5/30 - 11*u**4/24 + 25*u**3/3 - 2*u**2 - 4*u. Is p(-17) composite?
False
Suppose -67813 + 8843 = -10*j. Is j prime?
True
Let w be 542/14 - 16/(-56). Let g be -4 - (0 + 1 + -1). Let t = g + w. Is t a prime number?
False
Let h(y) = -3*y**2 - 5*y + 17. Let g be h(-8). Let u = -32 - g. Is u prime?
True
Let j = -5 - -6. Suppose -3*a + 7 = j. Suppose -5 = d, -a*l + 293 = d - 0*d. Is l a prime number?
True
Let z(q) = q**2 + q - 1. Let j be z(-2). Let k be (-7)/(-2*j/66). Suppose -4*i = -i - k. Is i composite?
True
Is -4 - (-10)/2*423 prime?
True
Let k(z) = 333*z - 466 + 340*z + 463 + 149*z. Is k(3) composite?
True
Suppose o + 6811 = 5*k - 0*o, -2*o + 2734 = 2*k. Is k composite?
True
Let z = -885 + 4988. Is z a composite number?
True
Is 1 - ((-34200)/34 - 2/17) composite?
True
Let t(l) = 2*l**2 - 2*l - 10. Let i(d) = d + 9. Let x(k) = 3*i(k) + 2*t(k). Let f(a) = a**3 + 7*a**2 - 6. Let r be f(-7). Is x(r) composite?
False
Suppose 2*o = -0*o - 36. Is o/63 + (61478/14 - -2) prime?
False
Is (-203230)/60*3*